2 - k**3/6 + 2*k**2. Calculate the remainder when 16/(-24)*(-1)/((-2)/(-132)*2) is divided by v(7).
9
Let m(p) = -2*p**2 + 8*p + 5. Let v be m(6). Let t = v - -33. Let r(b) = 2*b**2 + 22*b + 27. What is the remainder when r(-14) is divided by t?
13
Let v = 26 - 10. Let a = -167 + 167. Suppose 13*d - 134 + 56 = a. What is the remainder when v is divided by d?
4
Suppose 65 - 100 = -5*p, j = 4*p + 32. What is the remainder when 476 is divided by j?
56
Let d = -20 - -53. Let y be 10/(-6)*60/((-110)/11). What is the remainder when d is divided by (3 + 6 + -5)/(5/y)?
1
Suppose 0*x = -x + 1, -5*c + 4*x + 56 = 0. Suppose 4*k = 2*d + 4 + c, -3 = 3*d + k. Let n = d - -6. Calculate the remainder when 6 is divided by n.
2
Let u = 118 - 186. Let j = 93 + u. Let c = 56 - 12. What is the remainder when c is divided by j?
19
Suppose 31*l - 10284 - 1186 = 0. What is the remainder when 1135 is divided by l?
25
Let s(i) be the third derivative of i**4/24 - 7*i**3/6 + 34*i**2. What is the remainder when 23 is divided by s(23)?
7
What is the remainder when 4 - (3 + -3821) - (-7 + 3 + -1) is divided by 29?
28
Suppose -101*h = -4*u - 97*h + 40, 5*u = -3*h + 66. Calculate the remainder when u is divided by 6.
0
Let d be (19 - 3)*18/24. Suppose -9*r + 8*r = -33. Suppose d = -32*v + r*v. What is the remainder when 40 is divided by v?
4
Let i = 895 + -892. Let j(y) be the first derivative of 2*y**3 + 5*y**2/2 - 14*y + 1. Calculate the remainder when j(i) is divided by 29.
26
Let o = 62 + -41. Suppose -2*v = 4*r - o - 11, -2*v = -2*r - 2. Suppose 0*i - 2*i - v = -y, -3*i + 18 = 3*y. What is the remainder when 11 is divided by y?
5
Let y be (0 + -2 - -4) + 8 + -8. Suppose 0 = -y*w - 0*w + 110. What is the remainder when w is divided by 14?
13
Suppose -27*l = -35*l + 200. Suppose -l = 5*b, -5*c = -3*c - b - 99. Calculate the remainder when 187 is divided by c.
46
Suppose 0 = f - 495 + 154. Let k = f + 167. What is the remainder when k is divided by 10?
8
Let f(a) = -36*a - 540. What is the remainder when f(-51) is divided by 22?
20
Let j = 20 + -8. Suppose -2*d = -4*s - 4, -j + 1 = 2*d - s. Calculate the remainder when 13 is divided by (2/7)/(d/(-112)).
1
Let x(l) = -4*l - 26. Let h = -1191 + 1334. Calculate the remainder when h is divided by x(-11).
17
Let f(q) = q**2 + 5*q + 5. Let p be f(-3). Let y be -15*(1 - p - (5 - 4)). Let i(r) = r**2 + 14*r + 6. Calculate the remainder when i(y) is divided by 8.
5
Let i = 17665 - 17293. Calculate the remainder when i is divided by 9.
3
Let m be (-66)/(-15) - 6/(-10). Suppose 7*u = 8*u - m. Suppose -6*x - 72 = -12*x. What is the remainder when x is divided by u?
2
What is the remainder when 6332 is divided by 15*((-343)/105)/(-7)?
4
Let n = 12235 - 12144. What is the remainder when 44952 is divided by n?
89
Let n(t) = 2*t**2 + t + 1. Let k(g) = -51*g**3 - 6*g**2 - 13*g - 19. Let z(f) = k(f) + 3*n(f). What is the remainder when z(-2) is divided by 83?
80
Let k = -38034 - -43569. Calculate the remainder when k is divided by 34.
27
Let n be (-205)/3*3 - 1/(-1). Let m = 208 + n. What is the remainder when 38 is divided by m?
2
Suppose 2*q + 2*d - 4 = 0, -5*q + 4*d + 3 = -16. What is the remainder when ((-1540)/15)/7*(-9)/q is divided by 30?
14
Let p(i) = 4*i + 12. Let n be p(-1). Suppose -3213 = -n*y + 539. What is the remainder when y is divided by 59?
56
Let w = 227 - -583. Let j = -742 + w. Calculate the remainder when j is divided by (2 - 0)*7/2.
5
Let a(k) = 2*k**3 + 13*k**2 + 10*k - 6. Let h be a(-6). Calculate the remainder when 74 is divided by (-10)/((20/h)/((-4)/(-6))).
4
Suppose 3*y - y = -3*y + 3*u + 435, 0 = u. Calculate the remainder when 466 is divided by y.
31
Let v = 179 + -104. Let t = -22 + 53. Let s = 57 - t. Calculate the remainder when v is divided by s.
23
Let o = 2454 + -2387. What is the remainder when 202 is divided by o?
1
Let d = -50 + 70. Let v = 13 - d. Calculate the remainder when -1*17*v/7 is divided by 9.
8
Let v = 114 - -68. What is the remainder when 892 is divided by v?
164
Let d(c) = -c**3 + 6*c**2 - 6*c + 8. Let k = 84 + -80. Calculate the remainder when 51 is divided by d(k).
3
Calculate the remainder when 198 is divided by (-124)/(-93) - 8/(24/(-575)).
5
Let l(v) = v**3 + 6*v**2 + 8*v + 6. Let q be l(-3). Let u be -1 - 3 - 161/(-23). Calculate the remainder when 4 + u - (-7 + q) is divided by 3.
2
Let d be 0 + (-1 - 0/(-3)). Calculate the remainder when (114/(-10))/((-506)/55 + 9) is divided by ((-3)/(-9))/(d/(-60)).
17
Let y(r) = 19*r - 160. Let h be y(10). Suppose 40*t - h = 30*t. Calculate the remainder when 172 is divided by t.
1
Suppose x + 137 = -2*d, -2*d + d - 555 = 4*x. Let h = x + 185. What is the remainder when 89 is divided by h?
43
Suppose -168 = -2*k - k. Suppose 0 = -5*s + 5*j + 1360, -16*j + 284 = s - 14*j. Calculate the remainder when s is divided by k.
52
Let w = 369 - 532. Suppose -31 = -2*z + 3*n, -2*n + 4*n + 6 = 0. Calculate the remainder when w/(-3) - 6/18 is divided by z.
10
Suppose -16*d + 6*d = -1480. Suppose 4*i - 185 = -12*s + 7*s, i = -4*s + d. Calculate the remainder when s is divided by 20.
17
Let f(h) = 3*h**3 + 2*h**2 - h + 1. Let m(w) = 3*w**3 - 50*w**2 - 21*w + 75. Calculate the remainder when f(3) is divided by m(17).
6
Let t = 71 - 108. Let r = 43 + t. Let v(n) = 15*n**2 - 13*n + 11. Calculate the remainder when v(2) is divided by r.
3
Let g = 2559 - 2469. Calculate the remainder when 173 is divided by g.
83
Let v(b) = -9*b + 4. Let f(j) = 3*j**3 + 41*j**2 + 22*j - 29. What is the remainder when v(-6) is divided by f(-13)?
12
Let t = -455 - -488. What is the remainder when 457 is divided by t?
28
Let j(q) = 125*q + 778. Let h be (-6)/(-33) - (2 + (-92)/(-22)). Let f = -145 - -254. Calculate the remainder when f is divided by j(h).
25
What is the remainder when 6351/12 + (-4)/16 is divided by 67?
60
Suppose 0 = r - 4*i - 456 - 9, r - 483 = -2*i. Suppose -1772 + r = -5*f. Calculate the remainder when f is divided by 9.
7
Suppose 4*s - 6 = 2*s. Let c be 7 - 0 - 2615/5. Let v = c - -519. Calculate the remainder when s is divided by v.
0
Suppose -2*a = -0*a - 4*i - 3508, -3*i = a - 1729. What is the remainder when 575 is divided by 4/(-6) + a/24?
71
Let b = 296 + 154. Let d = b - 408. What is the remainder when 65 is divided by d?
23
Let o be -2*((5 - 3) + -57). Let w = 54 + o. What is the remainder when w is divided by 21?
17
Suppose -4*c = 3*x, c + 5*x = -7 - 10. Suppose -i + 27 = c*h, -2*i = -3*h - 0*h - 18. Calculate the remainder when 145 is divided by i.
10
Suppose 6*s + w = 4*s - 19, 3*s + 4*w = -26. Suppose -76 = 17*r - 19*r. Calculate the remainder when r is divided by (2 - -6)*s/(-8).
8
Suppose 3281 = 96*t - 2575. What is the remainder when 550 is divided by t?
1
Suppose r + 4*r - 105 = 0. Suppose 0 = -4*n + 4*s - 2*s + 800, 0 = 2*n - 5*s - 416. Let i = 277 - n. Calculate the remainder when i is divided by r.
16
Let m(u) = -62*u**3 + 13*u**2 + 26*u + 25. Calculate the remainder when m(-3) is divided by 175.
163
Let m(c) = -c + 21. Let f be m(12). Suppose 4 - 5 = x, -x + f = 2*d. Let r = d - -9. What is the remainder when r is divided by 8?
6
Let s be (6 + 0)*-6*(-835)/60. Let p = 515 - s. What is the remainder when 712 is divided by p?
12
Suppose 10485 + 2061 = 18*t. Calculate the remainder when t is divided by 102.
85
Let y(k) = -k**2 + 2*k + 28. Let x be y(7). Calculate the remainder when (-89)/x + 69/21 + -3 is divided by 42/(-2)*(-2)/6.
6
Let j(a) = a**2 - 170*a - 498. Suppose 3*z - 98 = z. Calculate the remainder when z is divided by j(-3).
7
Let k = 939 + -631. Suppose k + 52 = 9*q. Calculate the remainder when q is divided by 14.
12
Suppose -558 = -34*l - 28*l. Calculate the remainder when 159 is divided by l.
6
Suppose 1660 = 4*p + 10*k - 9*k, -4*k = 0. What is the remainder when p is divided by 68?
7
Suppose -1623*t + 14160 = -1563*t. Let m(v) = -19*v + 1. Calculate the remainder when t is divided by m(-1).
16
Suppose -7*x = 121 + 5. What is the remainder when (-13)/(13/(-4)) - x is divided by 5?
2
Let d = 750 - 277. Let l = d + -411. What is the remainder when 182 is divided by l?
58
Let a = 11 + 37. Suppose 2*n + 4 = -4*i + 12, 4*n + 4 = -3*i. What is the remainder when a is divided by 18/1 - (i - (2 + 1))?
14
Let c(a) = -a**3 + 16*a**2 + 